{"id":17,"date":"2019-02-13T15:14:12","date_gmt":"2019-02-13T14:14:12","guid":{"rendered":"http:\/\/bipspzarki.zarki.com.pl\/?page_id=17"},"modified":"2019-02-16T12:29:59","modified_gmt":"2019-02-16T11:29:59","slug":"struktura-wlasnosciowa-majatek","status":"publish","type":"page","link":"https:\/\/bipspzarki.zarki.szkola.pl\/index.php\/struktura-wlasnosciowa-majatek\/","title":{"rendered":"Struktura w\u0142asno\u015bciowa, maj\u0105tek"},"content":{"rendered":"\n<p>Szko\u0142a Podstawowa im. W\u0142. Szafera w \u017barkach prowadzi gospodark\u0119 finansow\u0105 na zasadach jednostki bud\u017cetowej rozliczaj\u0105cej si\u0119 z bud\u017cetem M. i G. \u017barki. Szko\u0142a dysponuje powierzon\u0105 w nieodp\u0142atny zarz\u0105d nieruchomo\u015bci\u0105, stanowi\u0105c\u0105 w\u0142asno\u015b\u0107 komunaln\u0105 Gminy \u017barki.<br><\/p>\n\n\n\n<ul class=\"wp-block-list\"><li>Powierzchnia ca\u0142kowita dzia\u0142ki:<\/li><li> Powierzchnia dzia\u0142ki pod budynkiem:<\/li><li> Powierzchnia boiska:<\/li><li> Powierzchnia u\u017cytkowa podziemna:<\/li><li> Ilo\u015b\u0107 kondygnacji nadziemnych: 2<\/li><li> Ilo\u015b\u0107 kondygnacji podziemnych: 1<\/li><\/ul>\n\n\n\n<p>Szko\u0142a nie posiada osobowo\u015bci prawnej, a za jej zobowi\u0105zania odpowiada bud\u017cet Gminy \u017barki.<\/p>\n\n\n\n<pre class=\"wp-block-preformatted\"><strong>Metryczka<\/strong><br>\u017br\u00f3d\u0142o informacji: <br>Data utworzenia: 2019-02-13 15:14:12 <br>Wprowadzi\u0142 do systemu: <br>Data wprowadzenia: 2019-02-13 15:14:12 <br>Ostatnia zmiana: 2019-02-16 12:29:59<br>Ilo\u015b\u0107 wy\u015bwietle\u0144: 811<\/pre>\n","protected":false},"excerpt":{"rendered":"<p>Szko\u0142a Podstawowa im. W\u0142. Szafera w \u017barkach prowadzi gospodark\u0119 finansow\u0105 na zasadach jednostki bud\u017cetowej rozliczaj\u0105cej si\u0119 z bud\u017cetem M. i G. \u017barki. Szko\u0142a dysponuje powierzon\u0105 w nieodp\u0142atny zarz\u0105d nieruchomo\u015bci\u0105, stanowi\u0105c\u0105 w\u0142asno\u015b\u0107 komunaln\u0105 Gminy \u017barki. Powierzchnia ca\u0142kowita dzia\u0142ki: Powierzchnia dzia\u0142ki pod budynkiem: Powierzchnia boiska: Powierzchnia u\u017cytkowa podziemna: Ilo\u015b\u0107 kondygnacji nadziemnych: 2 Ilo\u015b\u0107 kondygnacji podziemnych: 1 Szko\u0142a &hellip; <a href=\"https:\/\/bipspzarki.zarki.szkola.pl\/index.php\/struktura-wlasnosciowa-majatek\/\" class=\"more-link\">Czytaj dalej <span class=\"screen-reader-text\">Struktura w\u0142asno\u015bciowa, maj\u0105tek<\/span><\/a><\/p>\n","protected":false},"author":1,"featured_media":0,"parent":0,"menu_order":0,"comment_status":"closed","ping_status":"closed","template":"","meta":{"footnotes":""},"class_list":["post-17","page","type-page","status-publish","hentry"],"_links":{"self":[{"href":"https:\/\/bipspzarki.zarki.szkola.pl\/index.php\/wp-json\/wp\/v2\/pages\/17"}],"collection":[{"href":"https:\/\/bipspzarki.zarki.szkola.pl\/index.php\/wp-json\/wp\/v2\/pages"}],"about":[{"href":"https:\/\/bipspzarki.zarki.szkola.pl\/index.php\/wp-json\/wp\/v2\/types\/page"}],"author":[{"embeddable":true,"href":"https:\/\/bipspzarki.zarki.szkola.pl\/index.php\/wp-json\/wp\/v2\/users\/1"}],"replies":[{"embeddable":true,"href":"https:\/\/bipspzarki.zarki.szkola.pl\/index.php\/wp-json\/wp\/v2\/comments?post=17"}],"version-history":[{"count":3,"href":"https:\/\/bipspzarki.zarki.szkola.pl\/index.php\/wp-json\/wp\/v2\/pages\/17\/revisions"}],"predecessor-version":[{"id":144,"href":"https:\/\/bipspzarki.zarki.szkola.pl\/index.php\/wp-json\/wp\/v2\/pages\/17\/revisions\/144"}],"wp:attachment":[{"href":"https:\/\/bipspzarki.zarki.szkola.pl\/index.php\/wp-json\/wp\/v2\/media?parent=17"}],"curies":[{"name":"wp","href":"https:\/\/api.w.org\/{rel}","templated":true}]}}