{"id":2,"date":"2019-02-13T14:59:36","date_gmt":"2019-02-13T13:59:36","guid":{"rendered":"http:\/\/bipspzarki.zarki.com.pl\/?page_id=2"},"modified":"2019-02-15T14:41:57","modified_gmt":"2019-02-15T13:41:57","slug":"przykladowa-strona","status":"publish","type":"page","link":"https:\/\/bipspzarki.zarki.szkola.pl\/","title":{"rendered":"Witamy"},"content":{"rendered":"\n<p style=\"text-align:center\"><strong>Szko\u0142a Podstawowa im. W\u0142. Szafera w \u017barkach<\/strong><br>ul. Cz\u0119stochowska 61<br>42-310 \u017barki<\/p>\n\n\n\n<p style=\"text-align:center\">tel\/fax: 34 314 80 10<\/p>\n\n\n\n<p style=\"text-align:center\">strona www: www.spzarki.cal24.pl<\/p>\n\n\n\n<p style=\"text-align:center\">e-mail:&nbsp;<a href=\"mailto:spzarki@interia.pl\">spzarki@interia.pl<\/a><\/p>\n\n\n\n<p style=\"text-align:center\">Konto Rady Rodzic\u00f3w<br>91 8279 1036 0404 6776 4004 0002<\/p>\n\n\n\n<pre class=\"wp-block-preformatted\"><strong>Metryczka<\/strong><br>\u0179r\u00f3d\u0142o informacji:<br>Data utworzenia: <br>Wprowadzi\u0142 do systemu:<br>Data wprowadzenia: 2019-02-13 14:59:36 <br>Opublikowa\u0142: <br>Data publikacji: 2019-02-13 14:59:36<br>Ostatnia zmiana: 2019-02-15 14:41:57<br>Ilo\u015b\u0107 wy\u015bwietle\u0144: 13&nbsp;454<\/pre>\n","protected":false},"excerpt":{"rendered":"<p>Szko\u0142a Podstawowa im. W\u0142. Szafera w \u017barkachul. Cz\u0119stochowska 6142-310 \u017barki tel\/fax: 34 314 80 10 strona www: www.spzarki.cal24.pl e-mail:&nbsp;spzarki@interia.pl Konto Rady Rodzic\u00f3w91 8279 1036 0404 6776 4004 0002 Metryczka\u0179r\u00f3d\u0142o informacji:Data utworzenia: Wprowadzi\u0142 do systemu:Data wprowadzenia: Opublikowa\u0142: Data publikacji: Ostatnia zmiana: Ilo\u015b\u0107 wy\u015bwietle\u0144:<\/p>\n","protected":false},"author":1,"featured_media":0,"parent":0,"menu_order":0,"comment_status":"closed","ping_status":"open","template":"","meta":{"footnotes":""},"class_list":["post-2","page","type-page","status-publish","hentry"],"_links":{"self":[{"href":"https:\/\/bipspzarki.zarki.szkola.pl\/index.php\/wp-json\/wp\/v2\/pages\/2"}],"collection":[{"href":"https:\/\/bipspzarki.zarki.szkola.pl\/index.php\/wp-json\/wp\/v2\/pages"}],"about":[{"href":"https:\/\/bipspzarki.zarki.szkola.pl\/index.php\/wp-json\/wp\/v2\/types\/page"}],"author":[{"embeddable":true,"href":"https:\/\/bipspzarki.zarki.szkola.pl\/index.php\/wp-json\/wp\/v2\/users\/1"}],"replies":[{"embeddable":true,"href":"https:\/\/bipspzarki.zarki.szkola.pl\/index.php\/wp-json\/wp\/v2\/comments?post=2"}],"version-history":[{"count":31,"href":"https:\/\/bipspzarki.zarki.szkola.pl\/index.php\/wp-json\/wp\/v2\/pages\/2\/revisions"}],"predecessor-version":[{"id":108,"href":"https:\/\/bipspzarki.zarki.szkola.pl\/index.php\/wp-json\/wp\/v2\/pages\/2\/revisions\/108"}],"wp:attachment":[{"href":"https:\/\/bipspzarki.zarki.szkola.pl\/index.php\/wp-json\/wp\/v2\/media?parent=2"}],"curies":[{"name":"wp","href":"https:\/\/api.w.org\/{rel}","templated":true}]}}