{"id":50,"date":"2019-02-13T15:19:52","date_gmt":"2019-02-13T14:19:52","guid":{"rendered":"http:\/\/bipspzarki.zarki.com.pl\/?page_id=50"},"modified":"2019-02-16T12:38:31","modified_gmt":"2019-02-16T11:38:31","slug":"rodo","status":"publish","type":"page","link":"https:\/\/bipspzarki.zarki.szkola.pl\/index.php\/rodo\/","title":{"rendered":"RODO"},"content":{"rendered":"\n<p style=\"text-align:center\"><strong>KLAUZULA INFORMACYJNA<br>o przetwarzaniu danych osobowych<\/strong><\/p>\n\n\n\n<p>Zgodnie z Rozporz\u0105dzeniem Parlamentu Europejskiego i Rady (UE) 2016\/679 z dnia 27 kwiecie\u0144 2016r. w sprawie ochrony os\u00f3b fizycznych w zwi\u0105zku z przetwarzaniem danych osobowych oraz Ustaw\u0105 z dnia 10 maja 2018r. o ochronie danych osobowych (Dz.U 1000 z 2018r.) Informujemy, \u017ce:<\/p>\n\n\n\n<ol class=\"wp-block-list\"><li>Administratorem Danych Osobowych jest: Szko\u0142a Podstawowa im. W\u0142. Szafera w \u017barkach z siedzib\u0105: 42-310 \u017barki, ul. Cz\u0119stochowska 61; reprezentowanym przez Dyrektora Szko\u0142y.<\/li><li>Dane osobowe osoby (dziecka czy rodzica\/opiekuna) przetwarzane b\u0119d\u0105 w celu realizacji statutowych zada\u0144 szko\u0142y.<\/li><li>Dane s\u0105 udost\u0119pnione jedynie podmiotom \u015bci\u015ble wsp\u00f3\u0142pracuj\u0105cym ze szko\u0142\u0105 (s\u0142u\u017cby prawne, informatyczne i inspektor danych osobowych) oraz organom pa\u0144stwowym na mocy odr\u0119bnych ustaw (s\u0105d, prokuratura, policja).<\/li><li>Dane nie s\u0105 profilowane ani przekazywane za granice.<\/li><li>Posiada Pani\/ Pan prawo dost\u0119pu do tre\u015bci danych oraz prawo ich sprostowania, usuni\u0119cia, ograniczenia przetwarzania, prawo do przenoszenia danych, prawo wniesienia sprzeciwu, prawo do cofni\u0119cia zgody na przetwarzanie w dowolnym momencie bez wp\u0142ywu na zgodno\u015b\u0107 z prawem przetwarzania, kt\u00f3rego dokonano na podstawie zgody wyra\u017conej przed jej cofni\u0119ciem.<\/li><li>Pe\u0142ne informacje na temat Pani\/Pana danych osobowych oraz przys\u0142uguj\u0105cych Pani\/Panu praw udzielane s\u0105 w siedzibie Szko\u0142y, mo\u017cna o nie pyta\u0107 osobi\u015bcie, listownie lub mailowo na adres szko\u0142y: spzarki@interia.pl lub adres Inspektora Ochrony Danych: iod@gimpmyszkow.pl.<\/li><li>Przys\u0142uguje Pani\/ Panu prawo skargi do organu nadzorczego, tj: Prezesa Urz\u0119du Ochrony Danych Osobowych.<\/li><\/ol>\n\n\n\n<pre class=\"wp-block-preformatted\"><strong>Metryczka<\/strong><br>\u017br\u00f3d\u0142o informacji: <br>Data utworzenia: 2019-02-13 15:19:52 <br>Wprowadzi\u0142 do systemu: <br>Data wprowadzenia: 2019-02-13 15:19:52 <br>Ostatnia zmiana: 2019-02-16 12:38:31<br>Ilo\u015b\u0107 wy\u015bwietle\u0144: 829<\/pre>\n","protected":false},"excerpt":{"rendered":"<p>KLAUZULA INFORMACYJNAo przetwarzaniu danych osobowych Zgodnie z Rozporz\u0105dzeniem Parlamentu Europejskiego i Rady (UE) 2016\/679 z dnia 27 kwiecie\u0144 2016r. w sprawie ochrony os\u00f3b fizycznych w zwi\u0105zku z przetwarzaniem danych osobowych oraz Ustaw\u0105 z dnia 10 maja 2018r. o ochronie danych osobowych (Dz.U 1000 z 2018r.) Informujemy, \u017ce: Administratorem Danych Osobowych jest: Szko\u0142a Podstawowa im. W\u0142. &hellip; <a href=\"https:\/\/bipspzarki.zarki.szkola.pl\/index.php\/rodo\/\" class=\"more-link\">Czytaj dalej <span class=\"screen-reader-text\">RODO<\/span><\/a><\/p>\n","protected":false},"author":1,"featured_media":0,"parent":0,"menu_order":0,"comment_status":"closed","ping_status":"closed","template":"","meta":{"footnotes":""},"class_list":["post-50","page","type-page","status-publish","hentry"],"_links":{"self":[{"href":"https:\/\/bipspzarki.zarki.szkola.pl\/index.php\/wp-json\/wp\/v2\/pages\/50"}],"collection":[{"href":"https:\/\/bipspzarki.zarki.szkola.pl\/index.php\/wp-json\/wp\/v2\/pages"}],"about":[{"href":"https:\/\/bipspzarki.zarki.szkola.pl\/index.php\/wp-json\/wp\/v2\/types\/page"}],"author":[{"embeddable":true,"href":"https:\/\/bipspzarki.zarki.szkola.pl\/index.php\/wp-json\/wp\/v2\/users\/1"}],"replies":[{"embeddable":true,"href":"https:\/\/bipspzarki.zarki.szkola.pl\/index.php\/wp-json\/wp\/v2\/comments?post=50"}],"version-history":[{"count":4,"href":"https:\/\/bipspzarki.zarki.szkola.pl\/index.php\/wp-json\/wp\/v2\/pages\/50\/revisions"}],"predecessor-version":[{"id":147,"href":"https:\/\/bipspzarki.zarki.szkola.pl\/index.php\/wp-json\/wp\/v2\/pages\/50\/revisions\/147"}],"wp:attachment":[{"href":"https:\/\/bipspzarki.zarki.szkola.pl\/index.php\/wp-json\/wp\/v2\/media?parent=50"}],"curies":[{"name":"wp","href":"https:\/\/api.w.org\/{rel}","templated":true}]}}